{"id":5816,"date":"2021-05-16T07:09:55","date_gmt":"2021-05-16T10:09:55","guid":{"rendered":"https:\/\/www.blogsoestado.com\/reggaepoint\/?page_id=5816"},"modified":"2021-05-16T07:09:55","modified_gmt":"2021-05-16T10:09:55","slug":"morre-ronnie-bop-williams-aos-78-anos","status":"publish","type":"page","link":"https:\/\/www.blogsoestado.com\/reggaepoint\/morre-ronnie-bop-williams-aos-78-anos\/","title":{"rendered":"Morre Ronnie &#8216;Bop&#8217; Williams, aos 78 anos"},"content":{"rendered":"\n<figure class=\"wp-block-image size-large is-resized\"><a href=\"https:\/\/www.blogsoestado.com\/wp-content\/uploads\/sites\/11\/2021\/05\/Bop.jpg\"><img fetchpriority=\"high\" decoding=\"async\" src=\"https:\/\/www.blogsoestado.com\/wp-content\/uploads\/sites\/11\/2021\/05\/Bop.jpg\" alt=\"\" class=\"wp-image-5818\" width=\"570\" height=\"374\"\/><\/a><\/figure>\n\n\n\n<p>O guitarrista, compositor e produtor jamaicano Ranford Williams, conhecido no meio art\u00edstico como Ronnie &#8216;Bop&#8217; Williams, morreu no dia 18 de abril, aos 78 anos de idade. No entanto, a not\u00edcia s\u00f3 foi dada nessa segunda-feira (10). A informa\u00e7\u00e3o foi confirmada pelo jornalista Nicholas Jennings.<\/p>\n\n\n\n<p>Ronnie morreu em decorr\u00eancia de infec\u00e7\u00e3o generalizada e de complica\u00e7\u00f5es do diabetes ap\u00f3s ser internado.<\/p>\n\n\n\n<p>Nascido em Spanish Town, Jamaica, em 8 de novembro de 1942, Bop contribuiu com centenas de grava\u00e7\u00f5es que ajudaram a moldar o reggae e populariz\u00e1-lo em todo mundo.<\/p>\n\n\n\n<p>Ele tocou com Bob Marley, Jimmy Cliff, Johnny Nash e Toots And The Maytals e, ainda, trabalhou para propriet\u00e1rios de est\u00fadios famosos, como por exemplo, Duke Reid, Bunny Lee e Lee Perry, al\u00e9m das gravadoras Trojan e Treasure Isle.<\/p>\n\n\n\n<p>Sua guitarra est\u00e1 presente em v\u00e1rias composi\u00e7\u00f5es de sucesso, como &#8220;Small Axe&#8221;, &#8220;Kaya&#8221;, &#8220;Trenchtown Rock&#8221;, &#8220;Sun Is Shining&#8221; e &#8220;Don&#8217;t Rock My Boat&#8221;, de Bob Marley.<\/p>\n\n\n\n<p>Ronnie tamb\u00e9m colaborou com o sucesso de<a href=\"https:\/\/www.youtube.com\/watch?v=OTn01jjEFfY\"> &#8220;The Liquidator&#8221;<\/a>, de Harry J Allstars, que se tornou um hino do futebol ingl\u00eas.<br>Em S\u00e3o Lu\u00eds, o ex-mebro do grupo The Supersonicsfez sucesso com os singles <a href=\"https:\/\/www.youtube.com\/watch?v=EK_EhogrPpU\">&#8220;Cecilia&#8221;<\/a>, &#8220;Tenderness&#8221; e &#8220;Little Boy&#8221;, presentes na colet\u00e2nea &#8220;I Can&#8217;t Resist Your Tenderness&#8221;, de Ginger Wiiliams, assinada por ele.\u00a0<\/p>\n\n\n\n<p>Ronnie Williams morava em Toronto, no Canad\u00e1, com a esposa e mais cinco filhos.<\/p>\n\n\n\n<p>(Foto: Belo Roots)<\/p>\n","protected":false},"excerpt":{"rendered":"<p>O guitarrista, compositor e produtor jamaicano Ranford Williams, conhecido no meio art\u00edstico como Ronnie &#8216;Bop&#8217; Williams, morreu no dia 18 [&hellip;]<\/p>\n","protected":false},"author":12,"featured_media":0,"parent":0,"menu_order":0,"comment_status":"closed","ping_status":"closed","template":"","meta":{"site-sidebar-layout":"default","site-content-layout":"","ast-site-content-layout":"default","site-content-style":"default","site-sidebar-style":"default","ast-global-header-display":"","ast-banner-title-visibility":"","ast-main-header-display":"","ast-hfb-above-header-display":"","ast-hfb-below-header-display":"","ast-hfb-mobile-header-display":"","site-post-title":"","ast-breadcrumbs-content":"","ast-featured-img":"","footer-sml-layout":"","ast-disable-related-posts":"","theme-transparent-header-meta":"","adv-header-id-meta":"","stick-header-meta":"","header-above-stick-meta":"","header-main-stick-meta":"","header-below-stick-meta":"","astra-migrate-meta-layouts":"default","ast-page-background-enabled":"default","ast-page-background-meta":{"desktop":{"background-color":"var(--ast-global-color-5)","background-image":"","background-repeat":"repeat","background-position":"center center","background-size":"auto","background-attachment":"scroll","background-type":"","background-media":"","overlay-type":"","overlay-color":"","overlay-opacity":"","overlay-gradient":""},"tablet":{"background-color":"","background-image":"","background-repeat":"repeat","background-position":"center center","background-size":"auto","background-attachment":"scroll","background-type":"","background-media":"","overlay-type":"","overlay-color":"","overlay-opacity":"","overlay-gradient":""},"mobile":{"background-color":"","background-image":"","background-repeat":"repeat","background-position":"center center","background-size":"auto","background-attachment":"scroll","background-type":"","background-media":"","overlay-type":"","overlay-color":"","overlay-opacity":"","overlay-gradient":""}},"ast-content-background-meta":{"desktop":{"background-color":"var(--ast-global-color-4)","background-image":"","background-repeat":"repeat","background-position":"center center","background-size":"auto","background-attachment":"scroll","background-type":"","background-media":"","overlay-type":"","overlay-color":"","overlay-opacity":"","overlay-gradient":""},"tablet":{"background-color":"var(--ast-global-color-4)","background-image":"","background-repeat":"repeat","background-position":"center center","background-size":"auto","background-attachment":"scroll","background-type":"","background-media":"","overlay-type":"","overlay-color":"","overlay-opacity":"","overlay-gradient":""},"mobile":{"background-color":"var(--ast-global-color-4)","background-image":"","background-repeat":"repeat","background-position":"center center","background-size":"auto","background-attachment":"scroll","background-type":"","background-media":"","overlay-type":"","overlay-color":"","overlay-opacity":"","overlay-gradient":""}},"footnotes":""},"class_list":["post-5816","page","type-page","status-publish","hentry"],"yoast_head":"<!-- This site is optimized with the Yoast SEO plugin v26.6 - https:\/\/yoast.com\/wordpress\/plugins\/seo\/ -->\n<title>Morre Ronnie &#039;Bop&#039; Williams, aos 78 anos - Reggae Point<\/title>\n<meta name=\"robots\" content=\"index, follow, max-snippet:-1, max-image-preview:large, max-video-preview:-1\" \/>\n<link rel=\"canonical\" href=\"https:\/\/www.blogsoestado.com\/reggaepoint\/morre-ronnie-bop-williams-aos-78-anos\/\" \/>\n<meta property=\"og:locale\" content=\"pt_BR\" \/>\n<meta property=\"og:type\" content=\"article\" \/>\n<meta property=\"og:title\" content=\"Morre Ronnie &#039;Bop&#039; Williams, aos 78 anos - Reggae Point\" \/>\n<meta property=\"og:description\" content=\"O guitarrista, compositor e produtor jamaicano Ranford Williams, conhecido no meio art\u00edstico como Ronnie &#8216;Bop&#8217; Williams, morreu no dia 18 [&hellip;]\" \/>\n<meta property=\"og:url\" content=\"https:\/\/www.blogsoestado.com\/reggaepoint\/morre-ronnie-bop-williams-aos-78-anos\/\" \/>\n<meta property=\"og:site_name\" content=\"Reggae Point\" \/>\n<meta property=\"og:image\" content=\"https:\/\/www.blogsoestado.com\/reggaepoint\/files\/2021\/05\/Bop.jpg\" \/>\n<meta name=\"twitter:card\" content=\"summary_large_image\" \/>\n<meta name=\"twitter:label1\" content=\"Est. tempo de leitura\" \/>\n\t<meta name=\"twitter:data1\" content=\"2 minutos\" \/>\n<script type=\"application\/ld+json\" class=\"yoast-schema-graph\">{\"@context\":\"https:\/\/schema.org\",\"@graph\":[{\"@type\":\"WebPage\",\"@id\":\"https:\/\/www.blogsoestado.com\/reggaepoint\/morre-ronnie-bop-williams-aos-78-anos\/\",\"url\":\"https:\/\/www.blogsoestado.com\/reggaepoint\/morre-ronnie-bop-williams-aos-78-anos\/\",\"name\":\"Morre Ronnie 'Bop' Williams, aos 78 anos - Reggae Point\",\"isPartOf\":{\"@id\":\"https:\/\/www.blogsoestado.com\/reggaepoint\/#website\"},\"primaryImageOfPage\":{\"@id\":\"https:\/\/www.blogsoestado.com\/reggaepoint\/morre-ronnie-bop-williams-aos-78-anos\/#primaryimage\"},\"image\":{\"@id\":\"https:\/\/www.blogsoestado.com\/reggaepoint\/morre-ronnie-bop-williams-aos-78-anos\/#primaryimage\"},\"thumbnailUrl\":\"https:\/\/www.blogsoestado.com\/wp-content\/uploads\/sites\/11\/2021\/05\/Bop.jpg\",\"datePublished\":\"2021-05-16T10:09:55+00:00\",\"breadcrumb\":{\"@id\":\"https:\/\/www.blogsoestado.com\/reggaepoint\/morre-ronnie-bop-williams-aos-78-anos\/#breadcrumb\"},\"inLanguage\":\"pt-BR\",\"potentialAction\":[{\"@type\":\"ReadAction\",\"target\":[\"https:\/\/www.blogsoestado.com\/reggaepoint\/morre-ronnie-bop-williams-aos-78-anos\/\"]}]},{\"@type\":\"ImageObject\",\"inLanguage\":\"pt-BR\",\"@id\":\"https:\/\/www.blogsoestado.com\/reggaepoint\/morre-ronnie-bop-williams-aos-78-anos\/#primaryimage\",\"url\":\"https:\/\/www.blogsoestado.com\/wp-content\/uploads\/sites\/11\/2021\/05\/Bop.jpg\",\"contentUrl\":\"https:\/\/www.blogsoestado.com\/wp-content\/uploads\/sites\/11\/2021\/05\/Bop.jpg\"},{\"@type\":\"BreadcrumbList\",\"@id\":\"https:\/\/www.blogsoestado.com\/reggaepoint\/morre-ronnie-bop-williams-aos-78-anos\/#breadcrumb\",\"itemListElement\":[{\"@type\":\"ListItem\",\"position\":1,\"name\":\"In\u00edcio\",\"item\":\"https:\/\/www.blogsoestado.com\/reggaepoint\/\"},{\"@type\":\"ListItem\",\"position\":2,\"name\":\"Morre Ronnie &#8216;Bop&#8217; Williams, aos 78 anos\"}]},{\"@type\":\"WebSite\",\"@id\":\"https:\/\/www.blogsoestado.com\/reggaepoint\/#website\",\"url\":\"https:\/\/www.blogsoestado.com\/reggaepoint\/\",\"name\":\"Reggae Point\",\"description\":\"DJ Waldiney\",\"potentialAction\":[{\"@type\":\"SearchAction\",\"target\":{\"@type\":\"EntryPoint\",\"urlTemplate\":\"https:\/\/www.blogsoestado.com\/reggaepoint\/?s={search_term_string}\"},\"query-input\":{\"@type\":\"PropertyValueSpecification\",\"valueRequired\":true,\"valueName\":\"search_term_string\"}}],\"inLanguage\":\"pt-BR\"}]}<\/script>\n<!-- \/ Yoast SEO plugin. -->","yoast_head_json":{"title":"Morre Ronnie 'Bop' Williams, aos 78 anos - Reggae Point","robots":{"index":"index","follow":"follow","max-snippet":"max-snippet:-1","max-image-preview":"max-image-preview:large","max-video-preview":"max-video-preview:-1"},"canonical":"https:\/\/www.blogsoestado.com\/reggaepoint\/morre-ronnie-bop-williams-aos-78-anos\/","og_locale":"pt_BR","og_type":"article","og_title":"Morre Ronnie 'Bop' Williams, aos 78 anos - Reggae Point","og_description":"O guitarrista, compositor e produtor jamaicano Ranford Williams, conhecido no meio art\u00edstico como Ronnie &#8216;Bop&#8217; Williams, morreu no dia 18 [&hellip;]","og_url":"https:\/\/www.blogsoestado.com\/reggaepoint\/morre-ronnie-bop-williams-aos-78-anos\/","og_site_name":"Reggae Point","og_image":[{"url":"https:\/\/www.blogsoestado.com\/reggaepoint\/files\/2021\/05\/Bop.jpg","type":"","width":"","height":""}],"twitter_card":"summary_large_image","twitter_misc":{"Est. tempo de leitura":"2 minutos"},"schema":{"@context":"https:\/\/schema.org","@graph":[{"@type":"WebPage","@id":"https:\/\/www.blogsoestado.com\/reggaepoint\/morre-ronnie-bop-williams-aos-78-anos\/","url":"https:\/\/www.blogsoestado.com\/reggaepoint\/morre-ronnie-bop-williams-aos-78-anos\/","name":"Morre Ronnie 'Bop' Williams, aos 78 anos - Reggae Point","isPartOf":{"@id":"https:\/\/www.blogsoestado.com\/reggaepoint\/#website"},"primaryImageOfPage":{"@id":"https:\/\/www.blogsoestado.com\/reggaepoint\/morre-ronnie-bop-williams-aos-78-anos\/#primaryimage"},"image":{"@id":"https:\/\/www.blogsoestado.com\/reggaepoint\/morre-ronnie-bop-williams-aos-78-anos\/#primaryimage"},"thumbnailUrl":"https:\/\/www.blogsoestado.com\/wp-content\/uploads\/sites\/11\/2021\/05\/Bop.jpg","datePublished":"2021-05-16T10:09:55+00:00","breadcrumb":{"@id":"https:\/\/www.blogsoestado.com\/reggaepoint\/morre-ronnie-bop-williams-aos-78-anos\/#breadcrumb"},"inLanguage":"pt-BR","potentialAction":[{"@type":"ReadAction","target":["https:\/\/www.blogsoestado.com\/reggaepoint\/morre-ronnie-bop-williams-aos-78-anos\/"]}]},{"@type":"ImageObject","inLanguage":"pt-BR","@id":"https:\/\/www.blogsoestado.com\/reggaepoint\/morre-ronnie-bop-williams-aos-78-anos\/#primaryimage","url":"https:\/\/www.blogsoestado.com\/wp-content\/uploads\/sites\/11\/2021\/05\/Bop.jpg","contentUrl":"https:\/\/www.blogsoestado.com\/wp-content\/uploads\/sites\/11\/2021\/05\/Bop.jpg"},{"@type":"BreadcrumbList","@id":"https:\/\/www.blogsoestado.com\/reggaepoint\/morre-ronnie-bop-williams-aos-78-anos\/#breadcrumb","itemListElement":[{"@type":"ListItem","position":1,"name":"In\u00edcio","item":"https:\/\/www.blogsoestado.com\/reggaepoint\/"},{"@type":"ListItem","position":2,"name":"Morre Ronnie &#8216;Bop&#8217; Williams, aos 78 anos"}]},{"@type":"WebSite","@id":"https:\/\/www.blogsoestado.com\/reggaepoint\/#website","url":"https:\/\/www.blogsoestado.com\/reggaepoint\/","name":"Reggae Point","description":"DJ Waldiney","potentialAction":[{"@type":"SearchAction","target":{"@type":"EntryPoint","urlTemplate":"https:\/\/www.blogsoestado.com\/reggaepoint\/?s={search_term_string}"},"query-input":{"@type":"PropertyValueSpecification","valueRequired":true,"valueName":"search_term_string"}}],"inLanguage":"pt-BR"}]}},"_links":{"self":[{"href":"https:\/\/www.blogsoestado.com\/reggaepoint\/wp-json\/wp\/v2\/pages\/5816","targetHints":{"allow":["GET"]}}],"collection":[{"href":"https:\/\/www.blogsoestado.com\/reggaepoint\/wp-json\/wp\/v2\/pages"}],"about":[{"href":"https:\/\/www.blogsoestado.com\/reggaepoint\/wp-json\/wp\/v2\/types\/page"}],"author":[{"embeddable":true,"href":"https:\/\/www.blogsoestado.com\/reggaepoint\/wp-json\/wp\/v2\/users\/12"}],"replies":[{"embeddable":true,"href":"https:\/\/www.blogsoestado.com\/reggaepoint\/wp-json\/wp\/v2\/comments?post=5816"}],"version-history":[{"count":0,"href":"https:\/\/www.blogsoestado.com\/reggaepoint\/wp-json\/wp\/v2\/pages\/5816\/revisions"}],"wp:attachment":[{"href":"https:\/\/www.blogsoestado.com\/reggaepoint\/wp-json\/wp\/v2\/media?parent=5816"}],"curies":[{"name":"wp","href":"https:\/\/api.w.org\/{rel}","templated":true}]}}